 number?
False
Is 88889 a composite number?
True
Is 73543 a composite number?
True
Is 121269 composite?
True
Is 20701 prime?
False
Is 381607 prime?
True
Is 8039 composite?
False
Is 19813 a composite number?
False
Is 109331 prime?
True
Is 254369 composite?
False
Is 1063687 a prime number?
False
Is 109418 prime?
False
Is 36151 a prime number?
True
Is 127 prime?
True
Is 37159 a composite number?
False
Is 803783 a prime number?
False
Is 66083 a composite number?
False
Is 174107 prime?
False
Is 12077 prime?
False
Is 130191 prime?
False
Is 1441 composite?
True
Is 11846 a prime number?
False
Is 2203 a prime number?
True
Is 379 a prime number?
True
Is 359211 composite?
True
Is 127369 a prime number?
False
Is 2214749 prime?
True
Is 38217 a composite number?
True
Is 98981 composite?
False
Is 5007 prime?
False
Is 107443 a composite number?
True
Is 187599 a composite number?
True
Is 4387 prime?
False
Is 809869 a composite number?
False
Is 393637 prime?
True
Is 51109 a prime number?
True
Is 4583 composite?
False
Is 74837 a composite number?
True
Is 552953 a composite number?
True
Is 203969 prime?
True
Is 20782 a composite number?
True
Is 69637 composite?
True
Is 224689 a prime number?
False
Is 4063 a composite number?
True
Is 546911 prime?
False
Is 877 composite?
False
Is 485519 prime?
True
Is 3091 composite?
True
Is 23761 prime?
True
Is 22205 composite?
True
Is 102497 composite?
False
Is 145511 a composite number?
False
Is 246529 composite?
True
Is 13997 prime?
True
Is 63901 composite?
False
Is 1108313 composite?
False
Is 18453 prime?
False
Is 25703 a prime number?
True
Is 1058801 a composite number?
True
Is 14341 a prime number?
True
Is 118337 a composite number?
True
Is 61769 composite?
True
Is 839 a prime number?
True
Is 1315777 a prime number?
False
Is 51743 composite?
True
Is 24877 a composite number?
False
Is 401689 composite?
False
Is 373693 prime?
True
Is 388891 a prime number?
True
Is 169513 a composite number?
True
Is 6541 a composite number?
True
Is 1705291 a prime number?
False
Is 23234 a composite number?
True
Is 562697 composite?
True
Is 41098 a prime number?
False
Is 138257 a prime number?
False
Is 1117709 a composite number?
False
Is 64151 composite?
False
Is 71593 a prime number?
True
Is 2629 composite?
True
Is 7387 a prime number?
False
Is 2471 composite?
True
Is 33 prime?
False
Is 17681 composite?
False
Is 4063 prime?
False
Is 288406 a prime number?
False
Is 93799 a prime number?
False
Is 2459 prime?
True
Is 1574 a prime number?
False
Is 18455 composite?
True
Is 774913 a prime number?
False
Is 221617 composite?
True
Is 5501 prime?
True
Is 4049 composite?
False
Is 4417 prime?
False
Is 622981 a composite number?
True
Is 1205 a prime number?
False
Is 114107 a composite number?
True
Is 4009 a composite number?
True
Is 16217 a prime number?
True
Is 147863 prime?
True
Is 451423 composite?
True
Is 944309 a composite number?
False
Is 42241 prime?
False
Is 151061 a prime number?
False
Is 152123 prime?
True
Is 992087 composite?
False
Is 55281 composite?
True
Is 3203 prime?
True
Is 5959 composite?
True
Is 208673 a composite number?
False
Is 283213 a prime number?
False
Is 16153 prime?
False
Is 35909 a prime number?
False
Is 3763 composite?
True
Is 7331 a composite number?
False
Is 612511 composite?
False
Is 514499 composite?
False
Is 5267 composite?
True
Is 3163 prime?
True
Is 938458 a composite number?
True
Is 22433 composite?
False
Is 889 a prime number?
False
Is 99761 a composite number?
False
Is 92413 a prime number?
True
Is 97301 a prime number?
True
Is 15595 a composite number?
True
Is 354533 composite?
False
Is 90067 a composite number?
False
Is 128099 prime?
True
Is 142619 a prime number?
True
Is 72817 a composite number?
False
Is 192737 a prime number?
True
Is 366527 a composite number?
True
Is 107299 prime?
False
Is 9357 a prime number?
False
Is 308891 a composite number?
True
Is 16477 a composite number?
False
Is 525211 a composite number?
True
Is 734627 composite?
False
Is 32135 a composite number?
True
Is 177167 composite?
False
Is 3589 a composite number?
True
Is 4291 composite?
True
Is 9029 composite?
False
Is 114997 a composite number?
False
Is 46619 a composite number?
False
Is 207781 prime?
False
Is 1128199 a prime number?
False
Is 70247 composite?
True
Is 109 a prime number?
True
Is 840729 a prime number?
False
Is 11519 a composite number?
False
Is 140615 prime?
False
Is 32583 prime?
False
Is 17333 composite?
False
Is 282349 prime?
True
Is 30649 a prime number?
True
Is 13093 a prime number?
True
Is 18607 composite?
True
Is 586547 composite?
True
Is 31601 prime?
True
Is 5209 a composite number?
False
Is 1158909 prime?
False
Is 6247 a prime number?
True
Is 647 composite?
False
Is 188753 composite?
False
Is 22067 a composite number?
False
Is 9469 prime?
False
Is 470523 a prime number?
False
Is 22177 prime?
False
Is 44981 a composite number?
True
Is 343973 composite?
True
Is 12143 a composite number?
False
Is 28019 a prime number?
True
Is 15343 a composite number?
True
Is 1151 composite?
False
Is 2787 a prime number?
False
Is 5381 a prime number?
True
Is 8119 composite?
True
Is 50329 prime?
True
Is 24733 prime?
True
Is 99597 prime?
False
Is 20017 prime?
False
Is 13323 a prime number?
False
Is 739 a prime number?
True
Is 15499 a composite number?
True
Is 41161 a composite number?
False
Is 17707 a composite number?
False
Is 69241 a composite number?
True
Is 2038789 composite?
True
Is 64703 a composite number?
True
Is 1286879 a prime number?
False
Is 6431 a composite number?
True
Is 203 prime?
False
Is 41569 a composite number?
True
Is 89455 a composite number?
True
Is 631 prime?
True
Is 128963 a composite number?
True
Is 135817 a composite number?
True
Is 1003 composite?
True
Is 20507 composite?
False
Is 22723 a prime number?
False
Is 561169 prime?
False
Is 39293 prime?
True
Is 7499 a prime number?
True
Is 85385 prime?
False
Is 14169 a composite number?
True
Is 210557 composite?
False
Is 100387 prime?
False
Is 22853 composite?
False
Is 23755 prime?
False
Is 10289 a composite number?
False
Is 11901 a composite number?
True
Is 21269 prime?
True
Is 711067 a composite number?
True
Is 1261 a composite number?
True
Is 49499 a prime number?
True
Is 80447 a composite number?
False
Is 1195891 a composite number?
False
Is 76522 composite?
True
Is 303811 a prime number?
False
Is 2173 composite?
True
Is 1924151 composite?
True
Is 19187 a prime number?
False
Is 2837 a prime number?
True
Is 16619 prime?
True
Is 17707 a prime number?
True
Is 107231 a prime number?
False
Is 36658 a prime number?
False
Is 211399 composite?
True
Is 662 a composite number?
True
Is 34583 a prime number?
True
Is 1382 a composite number?
True
Is 6503 a composite number?
True
Is 1681807 composite?
False
Is 221773 prime?
True
Is 406767 composite?
True
Is 379 prime?
True
Is 19121 prime?
True
Is 1736113 a composite number?
True
Is 11593 prime?
True
Is 97771 a prime number?
True
Is 3299 a prime number?
True
Is 54753 composite?
True
Is 71813 a prime number?
False
Is 20671 a composite number?
True
Is 356927 prime?
True
Is 205267 prime?
True
Is 204159 composite?
True
Is 8999 composite?
False
Is 79181 prime?
True
Is 488687 composite?
False
Is 136771 a prime number?
False
Is 774997 composite?
False
Is 4753715 prime?
False
Is 91099 a composite number?
False
Is 151457 composite?
True
Is 221997 a prime number?
False
Is 205 composite?
True
Is 53951 a prime number?
True
Is 716561 prime?
False
Is 1733369 a composite number?
True
Is 152123 a prime number?
True
Is 93127 a prime number?
False
Is 26861 prime?
True
Is 10133 prime?
True
Is 15161 prime?
True
Is 1945 a prime number?
False
Is 27471 a prime number?
False
Is 1290163 prime?
False
Is 353543 a composite number?
True
Is 8479 prime?
False
Is 37279 prime?
False
Is 154057 composite?
False
Is 17011 prime?
True
Is 1833983 a prime number?
True
Is 103297 composite?
True
Is 19903 a composite number?
True
Is 168793 a prime number?
False
Is 957499 a composite number?
False
Is 59287 composite?
True
Is 149689 prime?
True
Is 13714 composite?
True
Is 6353 prime?
True
Is 3967 a composite number?
False
Is 3359153 a prime number?
False
Is 91055 a prime number?
False
Is 21557 a prime number?
True
Is 150697 prime?
True
Is 512317 prime?
False
Is 84916